{"id":14,"date":"2021-01-23T22:24:10","date_gmt":"2021-01-23T21:24:10","guid":{"rendered":"http:\/\/wir-sind-dann-mal-in-afrika.de\/?page_id=14"},"modified":"2021-12-11T23:40:43","modified_gmt":"2021-12-11T22:40:43","slug":"ueber-uns","status":"publish","type":"page","link":"https:\/\/wir-sind-dann-mal-in-afrika.de\/start\/ueber-uns\/","title":{"rendered":"\u00dcber uns"},"content":{"rendered":"\n<p>Wir sind eine kleine normale Familie. Wir Eltern hei\u00dfen Eva und J\u00f6rg, unsere Kinder Jakob (2015) und Lilly (2017). Wir rauchen nicht, keine Haustiere. Normal eben. Noch Fragen?<\/p>\n\n\n\n<div class=\"wp-block-image\"><figure class=\"aligncenter size-medium is-resized\"><a href=\"https:\/\/i0.wp.com\/wir-sind-dann-mal-in-afrika.de\/wp-content\/uploads\/2021\/02\/IMG_3792.jpg?ssl=1\"><img data-recalc-dims=\"1\" loading=\"lazy\" decoding=\"async\" src=\"https:\/\/i0.wp.com\/wir-sind-dann-mal-in-afrika.de\/wp-content\/uploads\/2021\/02\/IMG_3792.jpg?resize=376%2C251&#038;ssl=1\" alt=\"\" class=\"wp-image-267\" width=\"376\" height=\"251\" srcset=\"https:\/\/i0.wp.com\/wir-sind-dann-mal-in-afrika.de\/wp-content\/uploads\/2021\/02\/IMG_3792.jpg?resize=300%2C200&amp;ssl=1 300w, https:\/\/i0.wp.com\/wir-sind-dann-mal-in-afrika.de\/wp-content\/uploads\/2021\/02\/IMG_3792.jpg?resize=174%2C116&amp;ssl=1 174w, https:\/\/i0.wp.com\/wir-sind-dann-mal-in-afrika.de\/wp-content\/uploads\/2021\/02\/IMG_3792.jpg?w=709&amp;ssl=1 709w\" sizes=\"auto, (max-width: 376px) 100vw, 376px\" \/><\/a><\/figure><\/div>\n\n\n\n<div style=\"height:23px\" aria-hidden=\"true\" class=\"wp-block-spacer\"><\/div>\n\n\n\n<p>Man k\u00f6nnte entgegnen: also nach Afrika zu ziehen ist definitiv nicht normal. <br>Das stimmt vielleicht irgendwie. Wir sind aber doch insofern normal, weil wir wie alle Menschen lachen, streiten, tr\u00e4umen, zweifeln, hoffen, uns hinterfragen. Wir haben St\u00e4rken und Schw\u00e4chen und versuchen dazu zu stehen. <\/p>\n\n\n\n<p>Bevor wir nach Afrika zogen lebten wir in Stuttgart in einem wunderbaren Haus mitten in der Stadt, in dem es keine Nachbarn, sondern viele Freunde gibt. Ein bisschen wie eine gro\u00dfe WG. St\u00e4ndig klopfte es an der T\u00fcr und durch die etwas d\u00fcnneren W\u00e4nde h\u00f6rten wir das Leben in den anderen Wohnungen. &#8222;Gemeinschaft&#8220; ist das Wort, das in diesem Zusammenhang am h\u00e4ufigsten fiel. Wir lieben Gemeinschaft, finden es zwischendurch anstrengend, um es einige Tage sp\u00e4ter doch wieder zu lieben. <br>Wir besuchten eine Gemeinde mit dem neuen Namen Kesselkirche. Sie geh\u00f6rt zur evangelischen Landeskirche, ist kreativ und jung und chaotisch und liebenswert. Wir beiden Eltern glauben schon lange, dass Gott und die Bibel und N\u00e4chstenliebe und Gnade absolut Sinn machen, das zieht sich durch unser Leben wie durch diesen Blog.<\/p>\n\n\n\n<p>Normal arbeiteten wir auch. Eva als Yogalehrerin, was seit Jahren eigentlich zuerst Leidenschaft und an 2. Stelle Beruf ist. K\u00f6rper und Seele, Dehnung und Wort, Geist und Sport zu verbinden ist genau ihr Ding. F\u00fcr mehr Infos m\u00fcsst ihr 1x klicken: <a rel=\"noreferrer noopener\" href=\"http:\/\/www.holy-yoga-stuttgart.de\" target=\"_blank\">holy-yoga-stuttgart.de<\/a><br>Eva liebt auch Worte. Wenn ihr noch 1x klickt, findet ihr noch mehr davon: <a rel=\"noreferrer noopener\" href=\"http:\/\/www.konfettiaufasphalt.de\" target=\"_blank\">konfettiaufasphalt.de<\/a><\/p>\n\n\n\n<p>J\u00f6rg arbeitete zuletzt in einer gro\u00dfen Kinderarztpraxis, in der mehr gelacht wird als an jeder anderen Arbeitsstelle zuvor. Gearbeitet wurde dort auch (hoffenltich immer noch (-: ), aber das Team dort ist un\u00fcbertroffen. Zuvor hat er seinen Facharzt als Kinderarzt in verschieden Kliniken gemacht. <\/p>\n\n\n\n<p>Eva liebt guten Kaffee, J\u00f6rg Abenteuer in der Natur, Jakob Detektive und Geheimagenten und Lilly liebt Tiere. <\/p>\n\n\n\n<p>Wir alle (also die 2 Gro\u00dfen) finden die Welt mit ihren Ungleichheiten schon immer schr\u00e4g. Wir lebten gerne in Deutschland und genossen die Vorz\u00fcge, und waren manchmal genervt von (auch unseren eigenen) Luxusproblemen. Wir haben im kleinen immer versucht ein bisschen was daran zu \u00e4ndern. An unseren Einstellungen und Lebensstil. Dann kam diese Afrika Idee und lie\u00df uns nicht mehr los.<\/p>\n\n\n\n<p>Manchmal dachten wir, nach Ruanda zu ziehen ist verr\u00fcckt. Aber meistens dachten wir dann schnell, es nicht zu tun w\u00e4re noch verr\u00fcckter.<\/p>\n\n\n\n<p>Wir glauben an einen Gott, der sagt wir sollen uns keine Sorgen machen. Wir d\u00fcrfen teilen und andere so hoch sch\u00e4tzen wie uns selbst. Also machen wir uns m\u00f6glichst wenig Sorgen und st\u00fcrzten uns in ein Abenteuer des Teilens von allen m\u00f6glichen materiellen und immateriellen Dingen&#8230;<\/p>\n\n\n\n<p><\/p>\n\n\n\n<p>Zur Zeit ist die Zeit ja &#8211; egal wo wir leben &#8211; etwas verr\u00fcckt. Verdreht. Einfach ganz anders. Normal ist nicht mehr normal und wird auch nicht mehr normal. Und Verr\u00fcckt und anders wird vielleicht der Standard. Eva hat vor einigen Jahren &#8211; dank Yoga &#8211; schon mal festgestellt wie schr\u00e4g sie selbst ist &#8211; asymmetrisch hinten und vorne, oben und unten. Au\u00dfen und Innen. <br><br>das &#8222;Verr\u00fcckt&#8220; bleibt hier erstmal stehen<br>f\u00fcr uns<br>und auch f\u00fcr euch (bis es &#8222;normal&#8220; wird)<br>denn zur Zeit ist es schr\u00e4g und die Schr\u00e4glagen<br>sind da und werden sogar vielleicht noch offensichtlicher<br>oder?<br><br><br>In diesem Sinne<br>bleibt schr\u00e4g verr\u00fcckt und froh<br><br>eure 4.<br><\/p>\n\n\n\n<p><\/p>\n\n\n\n<p><\/p>\n\n\n\n<p><\/p>\n\n\n\n<p><\/p>\n","protected":false},"excerpt":{"rendered":"<p>Wir sind eine kleine normale Familie. Wir Eltern hei\u00dfen Eva und J\u00f6rg, unsere Kinder Jakob (2015) und Lilly (2017). Wir&hellip; <a class=\"read-more\" href=\"https:\/\/wir-sind-dann-mal-in-afrika.de\/start\/ueber-uns\/\">Weiterlesen<\/a><\/p>\n","protected":false},"author":1,"featured_media":0,"parent":0,"menu_order":0,"comment_status":"closed","ping_status":"closed","template":"","meta":{"footnotes":""},"class_list":["post-14","page","type-page","status-publish","hentry"],"jetpack_sharing_enabled":true,"_links":{"self":[{"href":"https:\/\/wir-sind-dann-mal-in-afrika.de\/start\/wp-json\/wp\/v2\/pages\/14","targetHints":{"allow":["GET"]}}],"collection":[{"href":"https:\/\/wir-sind-dann-mal-in-afrika.de\/start\/wp-json\/wp\/v2\/pages"}],"about":[{"href":"https:\/\/wir-sind-dann-mal-in-afrika.de\/start\/wp-json\/wp\/v2\/types\/page"}],"author":[{"embeddable":true,"href":"https:\/\/wir-sind-dann-mal-in-afrika.de\/start\/wp-json\/wp\/v2\/users\/1"}],"replies":[{"embeddable":true,"href":"https:\/\/wir-sind-dann-mal-in-afrika.de\/start\/wp-json\/wp\/v2\/comments?post=14"}],"version-history":[{"count":13,"href":"https:\/\/wir-sind-dann-mal-in-afrika.de\/start\/wp-json\/wp\/v2\/pages\/14\/revisions"}],"predecessor-version":[{"id":618,"href":"https:\/\/wir-sind-dann-mal-in-afrika.de\/start\/wp-json\/wp\/v2\/pages\/14\/revisions\/618"}],"wp:attachment":[{"href":"https:\/\/wir-sind-dann-mal-in-afrika.de\/start\/wp-json\/wp\/v2\/media?parent=14"}],"curies":[{"name":"wp","href":"https:\/\/api.w.org\/{rel}","templated":true}]}}